t a = k - m. List the prime factors of a.
11
Suppose -w = -3*d - 119, -2*w + w - d = -131. List the prime factors of w.
2
Let i(t) = 3*t**3 + t. Let p be i(-1). What are the prime factors of ((-6)/p)/(6/32)?
2
Let o be 2/2*0/(-3). Let g = 1 - -2. Let h = o + g. List the prime factors of h.
3
Let p be (1 + 4)/1 - 1. Suppose -v = -p*a - 15, 3 + 11 = v - 5*a. List the prime factors of v.
19
Let a = -4 - -6. Suppose 0 = 4*b - 26 - 2. Suppose 0 = -o - a + b. List the prime factors of o.
5
Suppose -d + 350 = 3*u, 0 = -0*u + 2*u + 5*d - 229. List the prime factors of u.
3, 13
Let w(x) = -132*x. What are the prime factors of w(-1)?
2, 3, 11
List the prime factors of (-4)/5 - (-370)/25.
2, 7
Let u(o) = 5*o**3 + 1. Let j be u(1). Suppose z - 24 = -3*g, -j*z + g = -z - 136. What are the prime factors of z?
3
Suppose 3*s - t - 3*t = -162, 0 = -5*s - 5*t - 235. Let z = -30 - s. List the prime factors of z.
2, 5
Let s(w) = 136*w + 9. What are the prime factors of s(1)?
5, 29
Suppose -5*s = -5*y - 10*s + 5, 4*s - 12 = -2*y. List the prime factors of 488/32 + 1/y.
3, 5
Suppose -z - 32 = -q, -z = -q + 2*z + 38. What are the prime factors of q?
29
Let b be 6/4*(-24)/(-18). Suppose -b*c + 19 = -3. What are the prime factors of c?
11
Suppose -4*q - 4 = -0*q, 2*r - 9 = 3*q. Suppose -r*n - 8 = -i, 16 = 3*i - 4*n - 8. What are the prime factors of i?
2
Let d = -14 - -14. Suppose -6*a + 3*a + 18 = d. List the prime factors of a.
2, 3
Let a = -19 + 37. Suppose c - a = -c. What are the prime factors of c?
3
Suppose i = -2*v + 1, -i + 15 + 0 = -5*v. Suppose -3*r + 5*y + 5 = 2*r, -i*r = 2*y + 2. Suppose r = 5*l - 13 - 17. List the prime factors of l.
2, 3
Suppose -5*m + 554 - 114 = 0. What are the prime factors of m?
2, 11
Let h be ((-6)/(-9))/(2/15). Suppose -5*m + 0*m - 3*a + 15 = 0, -h*m = -3*a - 15. List the prime factors of m.
3
Let a(q) = 48*q**2 - 7*q + 5. What are the prime factors of a(3)?
2, 13
Let l(c) = c**2 - 6*c + 5. What are the prime factors of l(6)?
5
Let y = 1 - -4. Suppose -y*m = -4*m - 32. Suppose 3*a - m = -a. What are the prime factors of a?
2
Suppose -3*w + 74 + 58 = 0. Let r be 11/3 - 4/6. Suppose -d - r*d = -w. What are the prime factors of d?
11
Let f be (0 - 3)*-1 + -58. Let g = 81 + f. List the prime factors of g.
2, 13
Suppose 85 = 3*m + 2*m. What are the prime factors of m?
17
Let z(p) = -9*p**3 + 3*p**2 + 2*p. Let a be z(-2). Suppose 0 = 6*k - 2*k - a. Let q = -8 + k. What are the prime factors of q?
2, 3
Suppose -2*a = -4*j + 2*a + 212, 2*j + 5*a = 78. List the prime factors of j.
7
Let w = -2 - -6. What are the prime factors of w?
2
Let c(n) = -n**3 + 8*n**2 - 6*n + 3. Let y(x) = -x + 8. Let i be y(6). Let s = 9 - i. List the prime factors of c(s).
2, 5
What are the prime factors of 306 - (3 + 1) - 2?
2, 3, 5
Let g(r) = r**3 + r**2 - 3*r. List the prime factors of g(3).
3
Let g = -116 - -178. What are the prime factors of g?
2, 31
Let y = -12 - -18. Suppose -19 = -g + y. List the prime factors of g.
5
Suppose 0 = -8*r + 7*r + 9. Let s = 51 - r. List the prime factors of s.
2, 3, 7
Let a = 5 - -11. List the prime factors of a.
2
Suppose -n = -5*y - 285, 2*n - 33 = y + 15. Let p = y - -16. List the prime factors of 7/14 - p/4.
11
Let t(d) = -2*d - 5. Let h be t(-5). Suppose 70 = h*v + 2*k, 0 = -4*v + k + 74 - 18. List the prime factors of v.
2, 7
Let s = 54 + -33. List the prime factors of s.
3, 7
Suppose -3*s = -0*s - 528. Suppose -s = -z - 3*z. Suppose -u + 5*u - z = 0. What are the prime factors of u?
11
Suppose -5*v + j = 67 - 18, 4*j - 16 = 0. Let d be 6/v*3/2. What are the prime factors of 31/3 + d/3?
2, 5
Let w = 6 - 5. What are the prime factors of (w/(-3))/((-2)/102)?
17
Let u be 5 - (2 + 2*-1). Let z be 2/(-5)*50/u. List the prime factors of (-186)/(-12) + 2/z.
3, 5
Let p(m) = m - 2. What are the prime factors of p(5)?
3
Suppose 0 = -s + 39 - 0. List the prime factors of s.
3, 13
List the prime factors of (-4)/((-5 - -3)/8).
2
Suppose -2*r = w - 3, -4*w = 3*r + 3 - 15. Let q be (-11)/w - (-6)/9. Let b = 1 - q. What are the prime factors of b?
2
What are the prime factors of (3/6)/(1/278)?
139
Suppose -5*q + 862 = 4*k - 173, -2*q - 1070 = -4*k. What are the prime factors of k?
5, 53
Let j be 8 + -2 + 1 + 0. Suppose -4*d + 27 = 5*o, -o = -4*o + 4*d - 3. Let s = j - o. What are the prime factors of s?
2
Suppose 2*l = -10, 2*g - 30 = -3*g - 5*l. Let n = g - 6. List the prime factors of n.
5
Suppose -f = -4*s - 46 - 24, -f + 3*s = -65. What are the prime factors of f?
2, 5
Suppose -2*g = 3*i + 25, -i + 3*g + 15 = -g. Let j(b) = -b**3 - 5*b**2 - b - 2. What are the prime factors of j(i)?
3
Let r(w) = -w**3 - 8*w**2 - 10*w + 0*w - 2*w**2 - 1. Let d be (3/(-6))/(2/36). What are the prime factors of r(d)?
2
List the prime factors of 1 - (-5)/(15/9).
2
Suppose 3 = -j - 3. Let u = 4 + j. Let x = 6 + u. What are the prime factors of x?
2
Let p(a) = -a**2 + 5*a + 5. Let w be p(5). Suppose -w*h - 4*c + 73 = 0, 0 = 2*h + c - 23 - 5. List the prime factors of h.
13
Let j be (-452)/(-12) + 2/(-3). Suppose 0*z - 3*z + 33 = -3*o, j = 5*z + 4*o. List the prime factors of z.
3
Suppose 5*i = -h + 34, 2*h - i - 6 = 7. Suppose u - h = -0*u. What are the prime factors of u?
3
Let d = -3 + 5. Suppose -p - p = -d, 2*p - 14 = -4*b. Suppose 5*h + 5*y - 35 = 10, -3*h + b*y - 3 = 0. What are the prime factors of h?
2
Suppose -2*v = -3*l - 4, 0*l + 2*v - 18 = -4*l. Suppose -4*k = -5*y - 94, l*k - 3*y - y = 50. What are the prime factors of k?
3, 7
Suppose -k - 559 = -4*z, -37 = -5*z + 3*k + 667. What are the prime factors of z?
139
Let f = 78 - 23. Suppose 0 = 5*d - f - 30. List the prime factors of d.
17
Let m(j) be the first derivative of j**4/12 - 5*j**3/6 - 9*j**2/2 - 3*j + 1. Let o(z) be the first derivative of m(z). List the prime factors of o(7).
5
Let x be (-3)/(-3) + 0 + -1. Suppose -2*t = -5*c + 3, x = 3*c - 0*c + 15. Let u = t - -21. List the prime factors of u.
7
Let y be (-2)/4 + (-27)/(-6). Suppose y*u = 11 + 1. What are the prime factors of u?
3
Let w be -8*(2 - 5/2). Suppose -v = 5, 3*d - w*v + v + 12 = 0. Let i = d + 19. What are the prime factors of i?
2, 5
Suppose -4 = x + q, 3*x = 2*q + 11 + 2. Let y = -1 + x. Let u(k) = k**3 - k**2 + 2. List the prime factors of u(y).
2
Let i = -6 + 4. Let z = 2 + i. What are the prime factors of 0/(-4) - (z + -8)?
2
Suppose 85 = 5*a - 5*j, 0*j = 2*a + 4*j - 40. What are the prime factors of a?
2, 3
Let k(t) = 7*t - 5. Let f(l) = 8*l - 6. Let p(v) = 6*f(v) - 7*k(v). Let h be p(-4). Suppose -2*s = 4*r - 18, h*s = 5*s + r - 12. List the prime factors of s.
5
What are the prime factors of (-440)/(-6) - 12/(-18)?
2, 37
Let c be 387/15 + (-10)/(-50). Let q be 64/(-12)*(-1 + -2). Let y = c - q. What are the prime factors of y?
2, 5
Let o(c) = c**3 + 9*c**2 - 15*c + 20. List the prime factors of o(-10).
2, 5, 7
Let r = 12 - 10. Let y = r + 14. What are the prime factors of y?
2
Let l(i) = i**2 - 10 + 2*i - i + 4*i. List the prime factors of l(5).
2, 5
Suppose -x - 1 = 2. Let l(u) be the second derivative of u**4/12 - u**3/2 - u**2 - 4*u. What are the prime factors of l(x)?
2
Let l = 4 - 3. Let c be (-12)/18*-3*l. Suppose -c*g = g - 6. What are the prime factors of g?
2
Suppose 5*u = 2*o - 439, o + 0*o = -2*u + 242. What are the prime factors of o?
2, 29
Let s(z) = -7*z - 11. Let u(r) = 3*r + 5. Let c(k) = -2*s(k) - 5*u(k). Let n(g) = -g - 17. Let v be n(-9). What are the prime factors of c(v)?
5
Let o = -5 - -5. Let c = o + 14. What are the prime factors of c?
2, 7
Suppose -x = 4 - 7. Suppose -1 = -c + x. What are the prime factors of c?
2
Let x = 14 - -10. List the prime factors of x.
2, 3
Suppose 3*w = -0 - 9, -n + 14 = -4*w. Suppose 5*j - 334 = n*s, 2*j - 136 = -0*j + 2*s. What are the prime factors of (-2)/8 + j/8?
2
Let y(j) = 2*j - 2. Let o be 0 - (-1)/3*0. Let d be (-15)/(-5) - (o - 0). List the prime factors of y(d).
2
Let g(x) = x**2 + 4*x + 3. List the prime factors of g(-9).
2, 3
Let l(d) = d**3 + 7*d**2 - 10*d - 10. What are the prime factors of l(-6)?
2, 43
Let v(k) = k**3 - 7*k**2 + 7*k + 6. Suppose 2*o + 5*m = 37, -18 = -4*o + 2*m - 4. What are the prime factors of v(o)?
2, 3
List the prime factors of ((-226)/3)/(2/6 - 1).
113
Suppose 14*b = 10*b + 764. List the prime factors of b.
191
Suppose -